92821. What is p(-320)?
-21
Let a(g) = 20*g**3 + 46*g**2 - 15*g + 73. Give a(5).
3648
Let q(u) = 10*u**2 + 821*u - 10961. Calculate q(13).
1402
Let s(m) = -m**3 + 4*m**2 + 142*m - 757. Determine s(6).
23
Let l(k) = 752*k + 79653. What is l(-106)?
-59
Let p(u) = 2*u**2 + 1923*u + 70210. Determine p(-38).
24
Let u(r) = 54*r**3 - 8692*r**2 - 273*r - 7889. Calculate u(161).
0
Let u(x) = 1595*x - 189814. Determine u(119).
-9
Let y(m) = 27*m**3 + 244*m**2 + 211*m + 1826. Determine y(-9).
8
Let h(o) = -26659*o + 3279070. Determine h(123).
13
Let r(m) = 19*m**3 + 169*m**2 + 135*m + 1396. Give r(-9).
19
Let t(p) = 2*p**2 + 811*p + 71416. Determine t(-278).
526
Let u(r) = -66*r**2 - 2298*r + 394. What is u(-35)?
-26
Let x(v) = 468644*v - 7498305. Give x(16).
-1
Let a(p) = 43*p**2 + 305*p - 2432. Determine a(9).
3796
Let a(b) = 17*b + 5907. Give a(-327).
348
Let m(d) = 22322*d - 89790. What is m(4)?
-502
Let v(n) = -n**3 - 23*n**2 + 303*n - 394. What is v(8)?
46
Let t(f) = 4*f**2 - 183*f - 282. What is t(47)?
-47
Let i(t) = -t**2 + 433*t - 13855. Determine i(33).
-655
Let c(m) = m**2 - 362*m + 30564. Determine c(228).
12
Let g(s) = 18081*s + 2675958. Give g(-148).
-30
Let v(x) = -3029*x + 39278. Determine v(13).
-99
Let b(v) = -9064*v - 27217. Determine b(-3).
-25
Let i(b) = -2*b**2 - 224*b - 3896. Calculate i(-90).
64
Let r(u) = -u**3 + 4*u**2 - 7. Give r(13).
-1528
Let f(o) = -o**2 - 295*o - 21045. Calculate f(-113).
-479
Let a(y) = -y**2 + 12973*y + 90839. Determine a(-7).
-21
Let v(i) = -9*i**3 - 42*i - 224. What is v(-4)?
520
Let k(j) = -3*j**2 - 160690*j - 1928043. Determine k(-12).
-195
Let s(o) = -66*o**2 + 3463*o - 1620. What is s(52)?
-8
Let r(l) = -27*l**2 + 281*l - 676. Give r(7).
-32
Let g(y) = y**2 - 749*y + 108398. What is g(196)?
10
Let i(c) = c**2 + 563*c + 25666. What is i(-50)?
16
Let t(b) = 5*b**3 - 101*b**2 - 230*b + 509. What is t(22)?
-195
Let a(x) = 635902*x - 22256570. Calculate a(35).
0
Let f(s) = -s**2 - 1971*s + 542920. Calculate f(245).
0
Let f(j) = 4*j**3 - 1218*j**2 + 618*j - 3057. Give f(304).
-17
Let g(m) = -90*m**2 - 621*m + 93. Give g(-7).
30
Let w(q) = -2*q**2 - 7005*q + 839467. Determine w(116).
-25
Let s(w) = -w**2 - 9093*w - 362121. What is s(-40)?
-1
Let p(f) = 3*f**2 + 222*f + 2271. Give p(-61).
-108
Let x(h) = -h**3 - 25*h**2 - 780*h - 19557. Give x(-25).
-57
Let p(s) = s**3 - 7*s**2 - 48*s + 229. Determine p(4).
-11
Let p(d) = 242*d + 65574. Calculate p(-271).
-8
Let n(t) = 117*t**2 + 51*t - 93. Calculate n(2).
477
Let s(j) = -35784*j + 3041667. Give s(85).
27
Let m(x) = 247*x + 2524. Calculate m(-8).
548
Let a(c) = -c**3 - 139*c**2 + 9932*c + 43. Calculate a(-191).
43
Let v(f) = 2*f**3 - 207*f**2 - 346*f + 989. Calculate v(105).
-2266
Let t(k) = -5*k**3 - 783*k**2 + 312*k - 420. Determine t(-157).
-106
Let g(r) = 2*r**3 - 285*r**2 - 3782*r + 17. Determine g(-12).
905
Let l(w) = w**3 + 1152*w**2 + 21485*w - 800. Calculate l(-19).
-2
Let r(b) = 3584*b - 146957. Give r(41).
-13
Let y(g) = -g**3 - 470*g**2 + 1429*g + 671685. What is y(-470)?
55
Let n(k) = -k**2 - 204*k + 2129. Give n(10).
-11
Let g(b) = 3*b**3 - 37*b**2 - 21*b - 7. Give g(13).
58
Let x(c) = -173*c + 3893. Give x(26).
-605
Let g(z) = -2084*z + 6238. Give g(3).
-14
Let n(v) = 70*v**2 + 4905*v + 363. Determine n(-70).
13
Let b(r) = -8*r**3 + 59*r**2 - 14*r + 72. Determine b(7).
121
Let k(r) = 507*r**2 - 2152*r - 1918. What is k(5)?
-3
Let j(o) = -5*o**2 + 164*o + 306. Give j(34).
102
Let h(o) = 16272*o - 48794. What is h(3)?
22
Let v(z) = 4965*z - 526262. Determine v(106).
28
Let f(h) = -21926*h + 2806457. What is f(128)?
-71
Let l(t) = 1318*t + 9158. Give l(-7).
-68
Let w(g) = g**3 - 40*g**2 + 157*g + 734. Determine w(35).
104
Let u(r) = -r**3 + 24*r**2 + 3828*r + 43507. Give u(-13).
-4
Let a(q) = -1892*q - 5677. Give a(-3).
-1
Let z(q) = -23362*q - 654130. Determine z(-28).
6
Let h(a) = -1469*a + 93874. Determine h(64).
-142
Let b(c) = -4204*c + 206310. What is b(49)?
314
Let a(h) = -305885*h + 7341237. What is a(24)?
-3
Let y(m) = 9503*m + 361131. What is y(-38)?
17
Let k(f) = -2*f**3 + 502*f**2 - 1492*f + 839. What is k(248)?
-153
Let r(k) = 158*k**2 - 3486*k - 20. Determine r(22).
-240
Let u(l) = 2*l**2 - 341*l - 4521. Calculate u(-12).
-141
Let o(v) = v**3 + 23*v**2 - 19*v - 544. Calculate o(-23).
-107
Let n(z) = 123863*z + 5202257. Determine n(-42).
11
Let r(m) = -5*m**2 - 6094*m + 155463. What is r(25)?
-12
Let i(g) = -464*g**3 + 3*g**2 - 69*g + 66. What is i(1)?
-464
Let i(z) = -43971*z - 659574. What is i(-15)?
-9
Let a(w) = -12457*w + 311395. Calculate a(25).
-30
Let g(u) = -5367*u - 21482. Determine g(-4).
-14
Let r(m) = -7*m**2 + 364*m + 3844. Calculate r(-9).
1
Let y(m) = 4*m**3 + 20*m**2 + 7*m + 20. What is y(-7)?
-421
Let r(g) = -257*g**2 - 7136*g + 31. Determine r(-28).
-1649
Let u(t) = -2*t**3 + 61*t**2 + 26*t - 62. Calculate u(31).
-217
Let d(q) = q**3 + 93*q**2 - 81*q + 743. Give d(-94).
-479
Let w(j) = -97*j + 1460. Determine w(16).
-92
Let y(s) = -470*s**2 - 25847*s + 145. Calculate y(-55).
-20
Let p(y) = y**3 - 408*y**2 + 13393*y - 76. Calculate p(36).
-40
Let x(m) = -256496*m - 3590982. Give x(-14).
-38
Let t(f) = -5*f**3 + 69*f**2 + f + 2473. Determine t(0).
2473
Let m(q) = -q**3 - 20*q**2 - 1367*q - 25817. Determine m(-19).
-205
Let b(d) = -4405*d + 180624. Determine b(41).
19
Let v(t) = -14911*t - 551724. Determine v(-37).
-17
Let k(f) = -15988*f - 32354. Calculate k(-2).
-378
Let d(x) = 174842*x + 19582301. What is d(-112)?
-3
Let h(w) = -3*w**2 + 2160*w - 193731. Calculate h(615).
-6
Let z(g) = 565972*g**2 - 3395832*g + 3. What is z(6)?
3
Let w(j) = -2662*j - 45264. Determine w(-17).
-10
Let i(u) = -3*u**3 + 1428*u**2 - 1414*u - 5230. Calculate i(475).
-5
Let f(w) = 2266*w + 31708. Calculate f(-14).
-16
Let b(v) = 126151*v + 21319517. Give b(-169).
-2
Let l(g) = -4*g**2 - 1394*g + 213108. Calculate l(115).
-102
Let q(g) = 30*g**3 - 14*g**2 - 44*g - 1. Give q(-3).
-805
Let p(t) = 63*t**3 - 4*t**2 - 21*t - 31. Calculate p(-2).
-509
Let p(u) = 305*u**2 - 282*u - 11. What is p(1)?
12
Let t(r) = 543*r - 111261. Calculate t(205).
54
Let z(t) = 5*t**3 + 784*t**2 + 2133*t - 3559. Determine z(-154).
-17
Let c(n) = 2*n**3 + 27*n**2 + 54*n + 278. Give c(-12).
62
Let z(g) = g**3 - 240*g**2 + 6831*g - 15937. Calculate z(30).
-7
Let o(t) = 2*t**3 + 49*t**2 + 61*t - 237. Calculate o(-11).
2359
Let v(m) = -m**3 - 233*m**2 + 1194*m + 1999. Give v(-238).
1047
Let b(d) = 11*d**2 + 5796*d - 547. What is b(-527)?
-20
Let r(b) = -2*b**3 - 94*b**2 + 8005*b - 267. What is r(-91)?
6
Let m(t) = 3*t**3 - 7*t**2 + 2613*t - 10447. What is m(4)?
85
Let g(r) = -2*r**3 + 843*r**2 + 2913*r + 26347. What is g(425)?
-3
Let f(d) = -30926*d - 370874. Calculate f(-12).
238
Let u(o) = -3675*o**2 + 22072*o - 116. Give u(6).
16
Let q(a) = -1595*a - 178631. Calculate q(-112).
9
Let s(u) = 5*u**2 - 1952*u - 5897. Determine s(-3).
4
Let a(u) = 2102*u**2 + 60*u - 35. Calculate a(1).
2127
Let y(k) = 270*k**2 - 2707*k + 6510. Determine y(4).
2
Let h(c) = 9*c**2 - 619*c - 2611. What is h(-4)?
9
Let v(j) = 18537*j - 18718. Give v(1).
-181
Let c(y) = -9*y**2 + 518*y + 1925. What is c(61)?
34
Let f(w) = -2*w**3 - 49*w**2 + 142*w - 23. Calculate f(-27).
-212
Let f(w) = -3*w**3 + 188*w**2 - 111*w + 3899. Determine f(62).
4705
Let w(r) = r**3 + 212*r**2 - 4385*r - 72. Give w(19).
4
Let d(x) = -3*x**2 + 7*x + 207. Determine d(0).
207
Let a(k) = k**3 - 5*k**2 - 5905*k + 4882. Give a(79).
221
Let v(q) = -5*q**2 - 413*q - 16521. Calculate v(-48).
-8217
Let j(b) = -b**2 + 7756*b + 1493481. What is j(-188)?
9
Let u(p) = -4869*p**2 + 2383*p + 2384. Give u(-1).
-4868
Let y(x) = -25*x**2 - 1594*x + 34320. What is y(17)?
-3
Let i(m) = m**3 - 111*m**2 + 992*m + 19399. What is i(99)?
-5
Let a(b) = b**2 + 852*b + 140254. Determine a(-629).
-13
Let y(b) = -837*b - 9785. What is y(-12)?
259
Let c(k) = 1293*k - 5046. Determine c(3).
-1167
Let u(z) = -48622*z + 3111823. Give u(64).
15
Let o(w) = 3*w**3 - 2303*w**2 - 9279*w - 111. Determine o(-4).
-35
Let t(o) = -3197*o - 16033. Give t(-5).
-48
Let r(t) = 924*t + 27443. Calculate r(-28).
1571
Let s(x) = -x**3 + 122*x**2 + 4567*x + 259. Calculate s(-30).
49
Let j(z) = -21*z**2 + 311*z - 1791. Give j(7).
-643
Let y(k) = 357*k + 10218. Deter